{"id":6865,"date":"2021-11-09T16:28:58","date_gmt":"2021-11-09T21:28:58","guid":{"rendered":"https:\/\/ccicubacanada.org\/?post_type=jetpack-portfolio&#038;p=6865"},"modified":"2021-11-09T16:30:08","modified_gmt":"2021-11-09T21:30:08","slug":"2021-11-08-the-link-between-canada-and-cuba-is-beyond-tourism","status":"publish","type":"jetpack-portfolio","link":"https:\/\/ccicubacanada.org\/en\/portfolio\/2021-11-08-the-link-between-canada-and-cuba-is-beyond-tourism\/","title":{"rendered":"2021-11-08 The link between Canada and Cuba is Beyond Tourism"},"content":{"rendered":"\n<p>Following the recent invitation to participate in the show &#8220;Boom and Bust&#8221; presented by the Honourable Tony Clement on the channel The News Forum, we decided to take this opportunity to answer some questions and concerns that one may have while doing business with Cuba. <\/p>\n\n\n\n<figure class=\"wp-block-embed is-type-rich is-provider-the-news-forum wp-block-embed-the-news-forum\"><div class=\"wp-block-embed__wrapper\">\n<div class=\"iframely-embed\"><div class=\"iframely-responsive\" style=\"padding-bottom: 56.25%; padding-top: 120px;\"><a href=\"https:\/\/www.newsforum.tv\/videos\/boom-and-bust-the-link-between-canada-and-cuba-is-beyond-tourism\" data-iframely-url=\"\/\/cdn.iframe.ly\/api\/iframe?maxheight=1000&#038;url=https%3A%2F%2Fwww.newsforum.tv%2Fvideos%2Fboom-and-bust-the-link-between-canada-and-cuba-is-beyond-tourism&#038;key=0fdcdf552674c309aa6101889ed0effb\"><\/a><\/div><\/div><script async src=\"\/\/cdn.iframe.ly\/embed.js\" charset=\"utf-8\"><\/script>\n<\/div><\/figure>\n\n\n\n<p>The interview covered several themes including the link between our industries, the aspects of foreign direct investments, the difficulties and opportunities we can meet on this market.<\/p>\n\n\n\n<p>We took this opportunity to talk about the new models and the evolutions of trade with Cuba, from the burgeoning of the private sector up to the benefit of trading with companies in esquema cerrado.<\/p>\n\n\n\n<p>The main topic of this discussion was centered on the financing aspects of the trade with Cuba, and the concerns that we, as a chamber, share with several of our members concerning the usage of the annex called &#8220;Confirmation of Origin of Goods&#8221; by EDC and CCC.<\/p>\n\n\n\n<p>As the tagline of this news channel suggest &#8220;All voices matter&#8221;, and we think it is important that we have a conversation about the rules and regulations that are asked of the canadian exporters.<\/p>\n","protected":false},"excerpt":{"rendered":"<p>Following the recent invitation to participate in the show &#8220;Boom and Bust&#8221; presented by the Honourable Tony Clement on the channel The News Forum, we decided to take this opportunity to answer some questions and concerns that one may have while doing business with Cuba. The interview covered several themes including the link between our [&hellip;]<\/p>\n","protected":false},"author":1,"featured_media":6855,"comment_status":"closed","ping_status":"closed","template":"","format":"standard","meta":{"_themeisle_gutenberg_block_has_review":false,"footnotes":""},"jetpack-portfolio-type":[],"jetpack-portfolio-tag":[],"class_list":["post-6865","jetpack-portfolio","type-jetpack-portfolio","status-publish","format-standard","has-post-thumbnail","hentry"],"jetpack-related-posts":[{"id":6863,"url":"https:\/\/ccicubacanada.org\/portfolio\/2021-11-08-le-lien-entre-le-canada-et-cuba-va-bien-au-dela-du-tourisme\/","url_meta":{"origin":6865,"position":0},"title":"2021-11-08 Le lien entre le Canada et Cuba va bien au del\u00e0 du tourisme","author":"Cyril Arnaud","date":"November 9, 2021","format":false,"excerpt":"Suite \u00e0 la r\u00e9cente invitation \u00e0 participer \u00e0 l'\u00e9mission \"Boom and Bust\" pr\u00e9sent\u00e9e par l'Honorable Tony Clement sur la cha\u00eene The News Forum, nous avons d\u00e9cid\u00e9 de saisir cette occasion pour r\u00e9pondre \u00e0 certaines questions et pr\u00e9occupations que l'on peut avoir en faisant des affaires avec Cuba. https:\/\/www.newsforum.tv\/videos\/boom-and-bust-the-link-between-canada-and-cuba-is-beyond-tourism?iframely=eyJjYXJkIjoic21hbGwifQ%3D%3D L'entretien a\u2026","rel":"","context":"Similar post","block_context":{"text":"Similar post","link":""},"img":{"alt_text":"","src":"https:\/\/i0.wp.com\/ccicubacanada.org\/wp-content\/uploads\/2021\/11\/Screenshot-2021-11-09-16.05.36.png?fit=1200%2C672&quality=80&ssl=1&resize=350%2C200","width":350,"height":200,"srcset":"https:\/\/i0.wp.com\/ccicubacanada.org\/wp-content\/uploads\/2021\/11\/Screenshot-2021-11-09-16.05.36.png?fit=1200%2C672&quality=80&ssl=1&resize=350%2C200 1x, https:\/\/i0.wp.com\/ccicubacanada.org\/wp-content\/uploads\/2021\/11\/Screenshot-2021-11-09-16.05.36.png?fit=1200%2C672&quality=80&ssl=1&resize=525%2C300 1.5x, https:\/\/i0.wp.com\/ccicubacanada.org\/wp-content\/uploads\/2021\/11\/Screenshot-2021-11-09-16.05.36.png?fit=1200%2C672&quality=80&ssl=1&resize=700%2C400 2x, https:\/\/i0.wp.com\/ccicubacanada.org\/wp-content\/uploads\/2021\/11\/Screenshot-2021-11-09-16.05.36.png?fit=1200%2C672&quality=80&ssl=1&resize=1050%2C600 3x"},"classes":[]},{"id":6253,"url":"https:\/\/ccicubacanada.org\/en\/portfolio\/2017-04-12-cuban-commercial-mission-transport-industry-conference\/","url_meta":{"origin":6865,"position":1},"title":"2017-04-12 Cuban Commercial Mission &#8211; Transport Industry &#8211; Conference","author":"Cyril Arnaud","date":"April 13, 2021","format":false,"excerpt":"The Chamber of Commerce and Industry Canada Cuba and Quebec Ministry of Economy , Science and Innovation, will welcome the 9 to 15 April , a large delegation of Cuban leaders in the transportation industry, which will be composed of representatives from the Ministry of Transport and major companies related\u2026","rel":"","context":"Similar post","block_context":{"text":"Similar post","link":""},"img":{"alt_text":"","src":"https:\/\/i0.wp.com\/ccicubacanada.org\/wp-content\/uploads\/2017\/03\/DFG_3548.jpg?fit=650%2C434&quality=89&ssl=1&resize=350%2C200","width":350,"height":200,"srcset":"https:\/\/i0.wp.com\/ccicubacanada.org\/wp-content\/uploads\/2017\/03\/DFG_3548.jpg?fit=650%2C434&quality=89&ssl=1&resize=350%2C200 1x, https:\/\/i0.wp.com\/ccicubacanada.org\/wp-content\/uploads\/2017\/03\/DFG_3548.jpg?fit=650%2C434&quality=89&ssl=1&resize=525%2C300 1.5x"},"classes":[]},{"id":7275,"url":"https:\/\/ccicubacanada.org\/en\/portfolio\/2022-11-14-fihav-2022-the-havana-international-fair\/","url_meta":{"origin":6865,"position":2},"title":"2022-11-14 FIHAV 2022: The Havana International Fair","author":"sarah-lee","date":"August 26, 2022","format":false,"excerpt":"Several trade fairs are held every year in Havana, but none of them is as impactful as FIHAV. This is why we encourage you to participate in the XXVI Edition of the Havana International Fair, which is the most representative fair in the Caribbean and Latin America. For 5 days,\u2026","rel":"","context":"Similar post","block_context":{"text":"Similar post","link":""},"img":{"alt_text":"","src":"https:\/\/i0.wp.com\/img.youtube.com\/vi\/MCNgz8sUkFY\/0.jpg?resize=350%2C200&quality=89","width":350,"height":200},"classes":[]},{"id":6274,"url":"https:\/\/ccicubacanada.org\/en\/portfolio\/2016-12-06-end-of-year-2016-reception\/","url_meta":{"origin":6865,"position":3},"title":"2016-12-06 End of year 2016 reception","author":"Cyril Arnaud","date":"April 13, 2021","format":false,"excerpt":"This year 2016 has been rich in news and development with the cuban market, and also concerning your Chamber of commerce and industry Canada-Cuba. We decided to bring this year to a close with a nice event to gather once more all our members. We will take also this opportunity\u2026","rel":"","context":"Similar post","block_context":{"text":"Similar post","link":""},"img":{"alt_text":"","src":"https:\/\/i0.wp.com\/ccicubacanada.org\/wp-content\/uploads\/2017\/08\/CBR_2253.jpg?fit=525%2C525&quality=89&ssl=1&resize=350%2C200","width":350,"height":200,"srcset":"https:\/\/i0.wp.com\/ccicubacanada.org\/wp-content\/uploads\/2017\/08\/CBR_2253.jpg?fit=525%2C525&quality=89&ssl=1&resize=350%2C200 1x, https:\/\/i0.wp.com\/ccicubacanada.org\/wp-content\/uploads\/2017\/08\/CBR_2253.jpg?fit=525%2C525&quality=89&ssl=1&resize=525%2C300 1.5x"},"classes":[]},{"id":6176,"url":"https:\/\/ccicubacanada.org\/en\/portfolio\/2018-11-19-conference-gowling-wlg-ccicc-toronto-opportunities-for-business-trade-and-investment-in-cuba\/","url_meta":{"origin":6865,"position":4},"title":"2018-11-19 Conference Gowling WLG &#8211; CCICC &#8211; Toronto &#8211; Opportunities for business, trade and investment in Cuba","author":"Cyril Arnaud","date":"April 13, 2021","format":false,"excerpt":"Cuba's Foreign Trade Minister Rodrigo Malmierca will be in Canada for several days. On this occasion he will give two conferences in Toronto and Montreal. The conference in Toronto is organized by Gowling WLG in collaboration with the CCICC. This conference will take place on November 19th at\u00a0Gowling WLG offices\u2026","rel":"","context":"Similar post","block_context":{"text":"Similar post","link":""},"img":{"alt_text":"","src":"https:\/\/i0.wp.com\/ccicubacanada.org\/wp-content\/uploads\/2018\/11\/2S6A2523.jpg?fit=1024%2C1024&quality=89&ssl=1&resize=350%2C200","width":350,"height":200,"srcset":"https:\/\/i0.wp.com\/ccicubacanada.org\/wp-content\/uploads\/2018\/11\/2S6A2523.jpg?fit=1024%2C1024&quality=89&ssl=1&resize=350%2C200 1x, https:\/\/i0.wp.com\/ccicubacanada.org\/wp-content\/uploads\/2018\/11\/2S6A2523.jpg?fit=1024%2C1024&quality=89&ssl=1&resize=525%2C300 1.5x, https:\/\/i0.wp.com\/ccicubacanada.org\/wp-content\/uploads\/2018\/11\/2S6A2523.jpg?fit=1024%2C1024&quality=89&ssl=1&resize=700%2C400 2x"},"classes":[]},{"id":7198,"url":"https:\/\/ccicubacanada.org\/en\/portfolio\/2022-06-14-business-opportunities-in-cuba\/","url_meta":{"origin":6865,"position":5},"title":"2022-06-14 Business Opportunities in Cuba","author":"sarah-lee","date":"June 2, 2022","format":false,"excerpt":"To celebrate the appointment of Ambassador H\u00e9ctor Igarza Cabrera as Cuba's Ambassador of Canada, we would like to invite you to attend our upcoming conference on business opportunities in Cuba. Cuba is much more than a destination! Cuba is a source of many business opportunities in various sectors: exports, energy,\u2026","rel":"","context":"Similar post","block_context":{"text":"Similar post","link":""},"img":{"alt_text":"","src":"https:\/\/i0.wp.com\/ccicubacanada.org\/wp-content\/uploads\/2022\/06\/ESC_6884.jpg?resize=350%2C200&quality=89&ssl=1","width":350,"height":200,"srcset":"https:\/\/i0.wp.com\/ccicubacanada.org\/wp-content\/uploads\/2022\/06\/ESC_6884.jpg?resize=350%2C200&quality=89&ssl=1 1x, https:\/\/i0.wp.com\/ccicubacanada.org\/wp-content\/uploads\/2022\/06\/ESC_6884.jpg?resize=525%2C300&quality=89&ssl=1 1.5x, https:\/\/i0.wp.com\/ccicubacanada.org\/wp-content\/uploads\/2022\/06\/ESC_6884.jpg?resize=700%2C400&quality=89&ssl=1 2x"},"classes":[]}],"jetpack_sharing_enabled":true,"_links":{"self":[{"href":"https:\/\/ccicubacanada.org\/en\/wp-json\/wp\/v2\/jetpack-portfolio\/6865","targetHints":{"allow":["GET"]}}],"collection":[{"href":"https:\/\/ccicubacanada.org\/en\/wp-json\/wp\/v2\/jetpack-portfolio"}],"about":[{"href":"https:\/\/ccicubacanada.org\/en\/wp-json\/wp\/v2\/types\/jetpack-portfolio"}],"author":[{"embeddable":true,"href":"https:\/\/ccicubacanada.org\/en\/wp-json\/wp\/v2\/users\/1"}],"replies":[{"embeddable":true,"href":"https:\/\/ccicubacanada.org\/en\/wp-json\/wp\/v2\/comments?post=6865"}],"version-history":[{"count":0,"href":"https:\/\/ccicubacanada.org\/en\/wp-json\/wp\/v2\/jetpack-portfolio\/6865\/revisions"}],"wp:featuredmedia":[{"embeddable":true,"href":"https:\/\/ccicubacanada.org\/en\/wp-json\/wp\/v2\/media\/6855"}],"wp:attachment":[{"href":"https:\/\/ccicubacanada.org\/en\/wp-json\/wp\/v2\/media?parent=6865"}],"wp:term":[{"taxonomy":"jetpack-portfolio-type","embeddable":true,"href":"https:\/\/ccicubacanada.org\/en\/wp-json\/wp\/v2\/jetpack-portfolio-type?post=6865"},{"taxonomy":"jetpack-portfolio-tag","embeddable":true,"href":"https:\/\/ccicubacanada.org\/en\/wp-json\/wp\/v2\/jetpack-portfolio-tag?post=6865"}],"curies":[{"name":"wp","href":"https:\/\/api.w.org\/{rel}","templated":true}]}}

2021-11-08 Le lien entre le Canada et Cuba va bien au delà du tourisme

Suite à la récente invitation à participer à l'émission "Boom and Bust" présentée par l'Honorable Tony Clement sur la chaîne The News Forum, nous avons décidé de saisir cette occasion pour répondre à certaines questions et préoccupations que l'on peut avoir en faisant des affaires avec Cuba. https://www.newsforum.tv/videos/boom-and-bust-the-link-between-canada-and-cuba-is-beyond-tourism?iframely=eyJjYXJkIjoic21hbGwifQ%3D%3D L'entretien a…

To celebrate the appointment of Ambassador Héctor Igarza Cabrera as Cuba's Ambassador of Canada, we would like to invite you to attend our upcoming conference on business opportunities in Cuba. Cuba is much more than a destination! Cuba is a source of many business opportunities in various sectors: exports, energy,…
